{"id":5577,"date":"2022-03-18T14:52:06","date_gmt":"2022-03-18T14:52:06","guid":{"rendered":"http:\/\/157.90.18.102\/?page_id=5577"},"modified":"2022-09-30T19:31:36","modified_gmt":"2022-09-30T19:31:36","slug":"brizy-5577","status":"publish","type":"page","link":"https:\/\/www.ifble.com\/?page_id=5577","title":{"rendered":"Politica de cookies"},"content":{"rendered":"<div class=\"brz-root__container brz-reset-all\">\n<header id=\"Ifble Header\" style=\"height:auto\" data-uid=\"fzggkszswdggzqqqsggifffvnaznrniyvfxx\" class=\"brz-section brz-section__header brz-css-zfdaw\">\n<div class=\"brz-section__header--fixed\">\n<div class=\"brz-section__menu-item brz-css-wmujj brz-css-jbiya\" data-custom-id=\"gnwzdfzoqrljhahzyaaongcaiasoabtmonas\">\n<div class=\"brz-bg\">\n<div class=\"brz-bg-color\"><\/div>\n<\/div>\n<div class=\"brz-container brz-css-xpxaf\">\n<div class=\"brz-row__container brz-css-fhkac\" data-custom-id=\"alnpvqjgbyyolspcnxbvmkhapgbchqxgmrvp\">\n<div class=\"brz-bg\"><\/div>\n<div class=\"brz-row brz-css-entna brz-css-suivx\">\n<div class=\"brz-columns brz-css-mkyci brz-css-ifzfo\" data-custom-id=\"stnedjpokpoujinuditxuuiwmtyexvxmecwm\">\n<div class=\"brz-bg\"><\/div>\n<div class=\"brz-column__items brz-css-vsdwj brz-css-gpdsc\">\n<div class=\"brz-css-mkjqo brz-css-hobat brz-wrapper\">\n<div class=\"brz-image brz-css-wfjik\"><img decoding=\"async\" class=\"brz-img\" src=\"https:\/\/www.ifble.com\/wp-content\/uploads\/2022\/03\/320x130.png\" alt=\"\" loading=\"lazy\" \/><\/div>\n<\/div>\n<\/div>\n<\/div>\n<div class=\"brz-columns brz-css-mkyci brz-css-frzxd\" data-custom-id=\"nycczykescpyywmonvgsbdurwjlvvszywcdk\">\n<div class=\"brz-bg\"><\/div>\n<div class=\"brz-column__items brz-css-vsdwj brz-css-eqync\">\n<div class=\"brz-wrapper-clone brz-css-agfsg\">\n<div class=\"brz-d-xs-flex brz-flex-xs-wrap brz-css-pfshg brz-css-jhczo\">\n<div class=\"brz-wrapper-clone__item brz-css-fmzcy\" id=\"oniegzplqulykbsodizersjqnfypexvgwoya\"><a class=\"brz-a brz-btn brz-css-buote brz-css-lnzxh\" href=\"\/\" data-brz-link-type=\"external\" id data-custom-id=\"oniegzplqulykbsodizersjqnfypexvgwoya\"><span class=\"brz-span brz-text__editor\">Volver<\/span><\/a><\/div>\n<\/div>\n<\/div>\n<\/div>\n<\/div>\n<\/div>\n<\/div>\n<\/div>\n<\/div>\n<\/div>\n<\/header>\n<section data-uid=\"httdsqmjdwjcsrpjkdjyjxcrldafctvlibop\" id=\"httdsqmjdwjcsrpjkdjyjxcrldafctvlibop\" class=\"brz-section brz-css-myvei\">\n<div class=\"brz-section__content brz-section--boxed brz-css-aubcy brz-css-vkprq\" data-custom-id=\"ilijtquoydimamvlxzyllbnrtpjhsilthgxc\">\n<div class=\"brz-container brz-css-imkht brz-css-xywlt\">\n<div class=\"brz-css-mkjqo brz-wrapper\">\n<div class=\"brz-rich-text brz-rich-text__custom brz-css-kwgga\" data-custom-id=\"yxtttoqnqpfbjqadyiutpbycwwftjfczulbf\">\n<div>\n<p class=\"brz-css-nsfuy\" data-uniq-id=\"wiowg\" data-generated-css=\"brz-css-mtzrl\"><span>Pol\u00edtica de cookies<\/span><\/p>\n<\/div>\n<\/div>\n<\/div>\n<div class=\"brz-css-mkjqo brz-wrapper\">\n<div class=\"brz-rich-text brz-rich-text__custom brz-css-kwgga\" data-custom-id=\"veepraaetyezfbzutftzisxcsnvmogdpfveo\">\n<div>\n<p class=\"brz-css-uegeu\" data-uniq-id=\"xwafj\" data-generated-css=\"brz-css-ihxwe\"><span style=\"background-color: transparent\">El acceso a este Sitio Web puede implicar la utilizaci\u00f3n de cookies. Las cookies son peque\u00f1as cantidades de informaci\u00f3n que se almacenan en el navegador utilizado por cada Usuario \u2014en los distintos dispositivos que pueda utilizar para navegar\u2014 para que el servidor recuerde cierta informaci\u00f3n que posteriormente y \u00fanicamente el servidor que la implement\u00f3 leer\u00e1. Las cookies facilitan la navegaci\u00f3n, la hacen m\u00e1s amigable, y no da\u00f1an el dispositivo de navegaci\u00f3n.<\/span><\/p>\n<p class=\"brz-css-idgck\" data-uniq-id=\"yaiqz\" data-generated-css=\"brz-css-agdgx\"><span style=\"background-color: transparent\"> <\/span><\/p>\n<p class=\"brz-css-abpwo\" data-uniq-id=\"yfdyd\" data-generated-css=\"brz-css-giylk\"><span style=\"background-color: transparent\">Las cookies son procedimientos autom\u00e1ticos de recogida de informaci\u00f3n relativa a las preferencias determinadas por el Usuario durante su visita al Sitio Web con el fin de reconocerlo como Usuario, y personalizar su experiencia y el uso del Sitio Web, y pueden tambi\u00e9n, por ejemplo, ayudar a identificar y resolver errores.<\/span><\/p>\n<p class=\"brz-css-nvbmu\" data-uniq-id=\"sbtwj\" data-generated-css=\"brz-css-eojsg\"><span style=\"background-color: transparent\"> <\/span><\/p>\n<p class=\"brz-css-olvfy\" data-uniq-id=\"qgbyn\" data-generated-css=\"brz-css-pvwsb\"><span style=\"background-color: transparent\">La informaci\u00f3n recabada a trav\u00e9s de las cookies puede incluir la fecha y hora de visitas al Sitio Web, las p\u00e1ginas visionadas, el tiempo que ha estado en el Sitio Web y los sitios visitados justo antes y despu\u00e9s del mismo. Sin embargo, ninguna cookie permite que esta misma pueda contactarse con el n\u00famero de tel\u00e9fono del Usuario o con cualquier otro medio de contacto personal. Ninguna cookie puede extraer informaci\u00f3n del disco duro del Usuario o robar informaci\u00f3n personal. La \u00fanica manera de que la informaci\u00f3n privada del Usuario forme parte del archivo Cookie es que el usuario d\u00e9 personalmente esa informaci\u00f3n al servidor.<\/span><\/p>\n<p class=\"brz-css-pghuf\" data-uniq-id=\"ybxgf\" data-generated-css=\"brz-css-vgstt\"><span style=\"background-color: transparent\"> <\/span><\/p>\n<p class=\"brz-css-fztwk\" data-uniq-id=\"vheea\" data-generated-css=\"brz-css-ggumb\"><span style=\"background-color: transparent\">Las cookies que permiten identificar a una persona se consideran datos personales. Por tanto, a las mismas les ser\u00e1 de aplicaci\u00f3n la Pol\u00edtica de Privacidad anteriormente descrita. En este sentido, para la utilizaci\u00f3n de las mismas ser\u00e1 necesario el consentimiento del Usuario. Este consentimiento ser\u00e1 comunicado, en base a una elecci\u00f3n aut\u00e9ntica, ofrecido mediante una decisi\u00f3n afirmativa y positiva, antes del tratamiento inicial, removible y documentado.<\/span><\/p>\n<p class=\"brz-css-fnfbq\" data-uniq-id=\"ubodv\" data-generated-css=\"brz-css-jowzj\"><span style=\"background-color: transparent\"> <\/span><\/p>\n<h4 class=\"brz-css-jnfzq\" data-uniq-id=\"evnha\" data-generated-css=\"brz-css-kmuoo\"><strong style=\"background-color: transparent\">Cookies propias<\/strong><\/h4>\n<h4 class=\"brz-css-jnjsh\" data-uniq-id=\"wxeig\" data-generated-css=\"brz-css-hiyyw\"><strong style=\"background-color: transparent\"> <\/strong><\/h4>\n<p class=\"brz-css-tkojx\" data-uniq-id=\"qrvyc\" data-generated-css=\"brz-css-flewq\"><span style=\"background-color: transparent\">Son aquellas cookies que son enviadas al ordenador o dispositivo del Usuario y gestionadas exclusivamente por Ifble para el mejor funcionamiento del Sitio Web. La informaci\u00f3n que se recaba se emplea para mejorar la calidad del Sitio Web y su Contenido y su experiencia como Usuario. Estas cookies permiten reconocer al Usuario como visitante recurrente del Sitio Web y adaptar el contenido para ofrecerle contenidos que se ajusten a sus preferencias.<\/span><\/p>\n<p class=\"brz-css-flcbg\" data-uniq-id=\"wqawr\" data-generated-css=\"brz-css-atmas\"><\/p>\n<p class=\"brz-css-zyiun\" data-uniq-id=\"lcjcy\" data-generated-css=\"brz-css-eicpn\"><span style=\"background-color: transparent\">Cookies de terceros<\/span><\/p>\n<p class=\"brz-css-eudjd\" data-uniq-id=\"txpwp\" data-generated-css=\"brz-css-nanrb\"><span style=\"background-color: transparent\"> <\/span><\/p>\n<p class=\"brz-css-dlyxq\" data-uniq-id=\"trtbz\" data-generated-css=\"brz-css-qzwhi\"><span style=\"background-color: transparent\">Son cookies utilizadas y gestionadas por entidades externas que proporcionan a Ifble servicios solicitados por este mismo para mejorar el Sitio Web y la experiencia del usuario al navegar en el Sitio Web. Los principales objetivos para los que se utilizan cookies de terceros son la obtenci\u00f3n de estad\u00edsticas de accesos y analizar la informaci\u00f3n de la navegaci\u00f3n, es decir, c\u00f3mo interact\u00faa el Usuario con el Sitio Web.<\/span><\/p>\n<p class=\"brz-css-yjnus\" data-uniq-id=\"tcofq\" data-generated-css=\"brz-css-ygwfs\"><span style=\"background-color: transparent\"> <\/span><\/p>\n<p class=\"brz-css-sinel\" data-uniq-id=\"bqpcw\" data-generated-css=\"brz-css-mkrhf\"><span style=\"background-color: transparent\">La informaci\u00f3n que se obtiene se refiere, por ejemplo, al n\u00famero de p\u00e1ginas visitadas, el idioma, el lugar a la que la direcci\u00f3n IP desde el que accede el Usuario, el n\u00famero de Usuarios que acceden, la frecuencia y reincidencia de las visitas, el tiempo de visita, el navegador que usan, el operador o tipo de dipositivo desde el que se realiza la visita. Esta informaci\u00f3n se utiliza para mejorar el Sitio Web, y detectar nuevas necesidades para ofrecer a los Usuarios un Contenido y\/o servicio de \u00f3ptima calidad. En todo caso, la informaci\u00f3n se recopila de forma an\u00f3nima y se elaboran informes de tendencias del Sitio Web sin identificar a usuarios individuales.<\/span><\/p>\n<p class=\"brz-css-jwkll\" data-uniq-id=\"rkkbr\" data-generated-css=\"brz-css-tbort\"><span style=\"background-color: transparent\">Puede obtener m\u00e1s informaci\u00f3n sobre las cookies, la informaci\u00f3n sobre la privacidad, o consultar la descripci\u00f3n del tipo de cookies que se utiliza, sus principales caracter\u00edsticas, periodo de expiraci\u00f3n, etc. en el siguiente(s) enlace(s):<\/span><\/p>\n<p class=\"brz-css-bente\" data-uniq-id=\"opyxx\" data-generated-css=\"brz-css-vzgnf\"><\/p>\n<p class=\"brz-css-ziedp\" data-uniq-id=\"ckusc\" data-generated-css=\"brz-css-ewjnr\"><span style=\"background-color: transparent\">Google Analytics: https:\/\/developers.google.com\/analytics<\/span><\/p>\n<p class=\"brz-css-awnju\" data-uniq-id=\"wwfkh\" data-generated-css=\"brz-css-ntiun\"><span style=\"background-color: transparent\"> <\/span><\/p>\n<p class=\"brz-css-cjeyi\" data-uniq-id=\"liqrx\" data-generated-css=\"brz-css-ybyth\"><span style=\"background-color: transparent\">La(s) entidad(es) encargada(s) del suministro de cookies podr\u00e1(n) ceder esta informaci\u00f3n a terceros, siempre y cuando lo exija la ley o sea un tercero el que procese esta informaci\u00f3n para dichas entidades.<\/span><\/p>\n<p class=\"brz-css-hvohl\" data-uniq-id=\"pyhry\" data-generated-css=\"brz-css-vunoz\"><span style=\"background-color: transparent\"> <\/span><\/p>\n<h4 class=\"brz-css-hhjuv\" data-uniq-id=\"lfdev\" data-generated-css=\"brz-css-tmujc\"><strong style=\"background-color: transparent\">Cookies de redes sociales<\/strong><\/h4>\n<h4 class=\"brz-css-lxpfa\" data-uniq-id=\"qdnyq\" data-generated-css=\"brz-css-cpylg\"><strong style=\"background-color: transparent\"> <\/strong><\/h4>\n<p class=\"brz-css-dsjcs\" data-uniq-id=\"antoe\" data-generated-css=\"brz-css-xwchl\"><span style=\"background-color: transparent\">Ifble incorpora plugins de redes sociales, que permiten acceder a las mismas a partir del Sitio Web. Por esta raz\u00f3n, las cookies de redes sociales pueden almacenarse en el navegador del Usuario. Los titulares de dichas redes sociales disponen de sus propias pol\u00edticas de protecci\u00f3n de datos y de cookies, siendo ellos mismos, en cada caso, responsables de sus propios ficheros y de sus propias pr\u00e1cticas de privacidad. El Usuario debe referirse a las mismas para informarse acerca de dichas cookies y, en su caso, del tratamiento de sus datos personales. \u00danicamente a t\u00edtulo informativo se indican a continuaci\u00f3n los enlaces en los que se pueden consultar dichas pol\u00edticas de privacidad y\/o de cookies:<\/span><\/p>\n<ul>\n<li class=\"brz-css-zrxiw\" data-uniq-id=\"sccrf\" data-generated-css=\"brz-css-bljqr\"><span style=\"background-color: transparent\">Facebook: <\/span><span style=\"background-color: transparent\">https:\/\/www.facebook.com\/policies\/cookies\/<\/span><\/li>\n<li class=\"brz-css-wdhuv\" data-uniq-id=\"xzvjc\" data-generated-css=\"brz-css-iowtd\"><span style=\"background-color: transparent\">Twitter: <\/span><span style=\"background-color: transparent\">https:\/\/twitter.com\/es\/privacy<\/span><\/li>\n<li class=\"brz-css-eclpp\" data-uniq-id=\"gwknk\" data-generated-css=\"brz-css-zzaim\"><span style=\"background-color: transparent\">Instagram: <\/span><span style=\"background-color: transparent\">https:\/\/help.instagram.com\/1896641480634370?ref=ig<\/span><\/li>\n<li class=\"brz-css-dwtst\" data-uniq-id=\"iyulr\" data-generated-css=\"brz-css-amhwq\"><span style=\"background-color: transparent\">YouTube: <\/span><span style=\"background-color: transparent\">https:\/\/policies.google.com\/privacy?hl=es-419&amp;gl=mx<\/span><\/li>\n<li class=\"brz-css-tzecb\" data-uniq-id=\"dwihg\" data-generated-css=\"brz-css-slfvt\"><span style=\"background-color: transparent\">Pinterest: <\/span><span style=\"background-color: transparent\">https:\/\/policy.pinterest.com\/es\/privacy-policy<\/span><\/li>\n<li class=\"brz-css-aupbi\" data-uniq-id=\"kfszp\" data-generated-css=\"brz-css-hnxsn\"><span style=\"background-color: transparent\">LinkedIn: <\/span><span style=\"background-color: transparent\">https:\/\/www.linkedin.com\/legal\/cookie-policy?trk=hp-cookies<\/span><\/li>\n<\/ul>\n<h4 class=\"brz-css-thntn\" data-uniq-id=\"dxdlx\" data-generated-css=\"brz-css-chakh\"><strong style=\"background-color: transparent\"> <\/strong><\/h4>\n<h4 class=\"brz-css-yultk\" data-uniq-id=\"jmclm\" data-generated-css=\"brz-css-pxqcs\"><strong style=\"background-color: transparent\">Deshabilitar, rechazar y eliminar cookies<\/strong><\/h4>\n<h4 class=\"brz-css-znncj\" data-uniq-id=\"behuj\" data-generated-css=\"brz-css-kqeto\"><strong style=\"background-color: transparent\"> <\/strong><\/h4>\n<p class=\"brz-css-lnsms\" data-uniq-id=\"frpcq\" data-generated-css=\"brz-css-ytlbq\"><span style=\"background-color: transparent\">El Usuario puede deshabilitar, rechazar y eliminar las cookies \u2014total o parcialmente\u2014 instaladas en su dispositivo mediante la configuraci\u00f3n de su navegador (entre los que se encuentran, por ejemplo, Chrome, Firefox, Safari, Explorer). En este sentido, los procedimientos para rechazar y eliminar las cookies pueden diferir de un navegador de Internet a otro. En consecuencia, el Usuario debe acudir a las instrucciones facilitadas por el propio navegador de Internet que est\u00e9 utilizando. En el supuesto de que rechace el uso de cookies \u2014total o parcialmente\u2014 podr\u00e1 seguir usando el Sitio Web, si bien podr\u00e1 tener limitada la utilizaci\u00f3n de algunas de las prestaciones del mismo.<\/span><\/p>\n<p class=\"brz-css-xkhco\" data-uniq-id=\"nkswi\" data-generated-css=\"brz-css-mtbll\"><\/p>\n<\/div>\n<\/div>\n<\/div>\n<div class=\"brz-wrapper-clone brz-css-agfsg\">\n<div class=\"brz-d-xs-flex brz-flex-xs-wrap brz-css-pfshg\">\n<div class=\"brz-wrapper-clone__item brz-css-fmzcy\" id=\"bkvsswqgwsgdhciowiablqmkosozipfkteig\"><a class=\"brz-a brz-btn brz-css-buote brz-css-jtwml\" href=\"\/\" data-brz-link-type=\"external\" id data-custom-id=\"bkvsswqgwsgdhciowiablqmkosozipfkteig\"><span class=\"brz-span brz-text__editor\">Volver<\/span><\/a><\/div>\n<\/div>\n<\/div>\n<\/div>\n<\/div>\n<\/section>\n<section data-uid=\"zuvhwuductafxfpmafkanwgmxnrzwkohoiii\" id=\"zuvhwuductafxfpmafkanwgmxnrzwkohoiii\" class=\"brz-section brz-css-myvei\">\n<div class=\"brz-section__content brz-section--boxed brz-css-aubcy brz-css-iwqza\" data-custom-id=\"uucmyldbnjbrhdwncnvxqjmxnomcrtqvozbn\">\n<div class=\"brz-bg\">\n<div class=\"brz-bg-color\"><\/div>\n<\/div>\n<div class=\"brz-container brz-css-imkht brz-css-cfony\">\n<div class=\"brz-row__container brz-css-fhkac\" data-custom-id=\"yzotfsagpgvuumjsjbrgdhwmmmbjjoxbiuid\">\n<div class=\"brz-bg\"><\/div>\n<div class=\"brz-row brz-css-entna brz-css-rqhpr\">\n<div class=\"brz-columns brz-css-mkyci brz-css-ypxlt\" data-custom-id=\"tdcubabqxxptcwhxbfnucfkeztgdbjsvriqi\">\n<div class=\"brz-bg\"><\/div>\n<div class=\"brz-column__items brz-css-vsdwj\">\n<div class=\"brz-css-mkjqo brz-wrapper\">\n<div class=\"brz-image brz-css-zyoeo brz-css-cgrnh\"><img decoding=\"async\" class=\"brz-img\" src=\"https:\/\/www.ifble.com\/wp-content\/uploads\/2022\/03\/320x130.png\" alt=\"\" loading=\"lazy\" \/><\/div>\n<\/div>\n<\/div>\n<\/div>\n<div class=\"brz-columns brz-css-mkyci brz-css-gkwvx\" data-custom-id=\"nrscjewxipsnfmdokvkvskzlcovitmlwojue\">\n<div class=\"brz-bg\"><\/div>\n<div class=\"brz-column__items brz-css-vsdwj\">\n<div class=\"brz-css-mkjqo brz-wrapper\">\n<div class=\"brz-rich-text brz-rich-text__custom brz-css-kwgga\" data-custom-id=\"owoviifgluhabnbsbediuvqvrvqzgwpyzqkq\">\n<div>\n<p class=\"brz-css-gxriq\" data-generated-css=\"brz-css-dpmpp\" data-uniq-id=\"nxagc\"><span class=\"brz-cp-color7\">Copyright \u00a9 2022 Ifble Soluciones SL. All Rights Reserved.<\/span><\/p>\n<\/div>\n<\/div>\n<\/div>\n<\/div>\n<\/div>\n<div class=\"brz-columns brz-css-mkyci brz-css-tpbmn\" data-custom-id=\"dxoufpcxpnhrxtobdqgghxfeyszjmrpgtlzj\">\n<div class=\"brz-bg\"><\/div>\n<div class=\"brz-column__items brz-css-vsdwj\">\n<div class=\"brz-css-mkjqo brz-wrapper\">\n<div class=\"brz-rich-text brz-rich-text__custom brz-css-kwgga\" data-custom-id=\"cxmdilzurjejdpzrzajffaefcihvafqueoko\">\n<div>\n<p class=\"brz-css-pltoh\" data-uniq-id=\"eifxv\" data-generated-css=\"brz-css-gbpnp\"><\/p>\n<\/div>\n<\/div>\n<\/div>\n<\/div>\n<\/div>\n<div class=\"brz-columns brz-css-mkyci brz-css-igahs\" data-custom-id=\"brjpnhfoqdwosqjlfpgkdnlgihwuleqxjfrz\">\n<div class=\"brz-bg\"><\/div>\n<div class=\"brz-column__items brz-css-vsdwj\">\n<div class=\"brz-css-mkjqo brz-wrapper\">\n<div class=\"brz-rich-text brz-rich-text__custom brz-css-kwgga\" data-custom-id=\"huaupdbsclkzvtfplojhzpbzdyxosufetkan\">\n<div>\n<p class=\"brz-css-gyben\" data-generated-css=\"brz-css-sizmy\" data-uniq-id=\"zgwgm\"><a href=\"\/?page_id=5667\" class=\"link--external brz-cp-color8\" data-brz-link-type=\"external\">Aviso legal<\/a><\/p>\n<\/div>\n<\/div>\n<\/div>\n<\/div>\n<\/div>\n<div class=\"brz-columns brz-css-mkyci brz-css-oyxrt\" data-custom-id=\"kgsaoohluqeurxirzxtktjrmohgrpnlyyuud\">\n<div class=\"brz-bg\"><\/div>\n<div class=\"brz-column__items brz-css-vsdwj\">\n<div class=\"brz-css-mkjqo brz-wrapper\">\n<div class=\"brz-rich-text brz-rich-text__custom brz-css-kwgga\" data-custom-id=\"wqdgkfgwcngesnbiyxfjsumkwxwvhwmdoinb\">\n<div>\n<p class=\"brz-css-rmrpm\" data-generated-css=\"brz-css-hcmyi\" data-uniq-id=\"fypey\"><a href=\"\/?page_id=3\" class=\"link--external brz-cp-color8\" data-brz-link-type=\"external\">Pol\u00edticas de privacidad<\/a><\/p>\n<\/div>\n<\/div>\n<\/div>\n<\/div>\n<\/div>\n<div class=\"brz-columns brz-css-mkyci brz-css-xeulw\" data-custom-id=\"myfzazrlxstytznmraijpuavwrocyofbocub\">\n<div class=\"brz-bg\"><\/div>\n<div class=\"brz-column__items brz-css-vsdwj\">\n<div class=\"brz-css-mkjqo brz-wrapper\">\n<div class=\"brz-rich-text brz-rich-text__custom brz-css-kwgga\" data-custom-id=\"slsbszvdtnzoxpjvinxmrxgdxafrjncbjwsb\">\n<div>\n<p class=\"brz-css-ykect\" data-generated-css=\"brz-css-zwdsg\" data-uniq-id=\"xpyyk\"><a href=\"\/?page_id=5577\" class=\"link--external brz-cp-color8\" data-brz-link-type=\"external\">Pol\u00edticas de cookies<\/a><\/p>\n<\/div>\n<\/div>\n<\/div>\n<\/div>\n<\/div>\n<\/div>\n<\/div>\n<\/div>\n<\/div>\n<\/section>\n<\/div>\n<p><!-- version:1664566296 --><\/p>\n","protected":false},"excerpt":{"rendered":"<p>Volver Pol\u00edtica de cookies El acceso a este Sitio Web puede implicar la utilizaci\u00f3n de cookies. Las cookies son peque\u00f1as cantidades de informaci\u00f3n que se almacenan en el navegador utilizado por cada Usuario \u2014en los distintos dispositivos que pueda utilizar para navegar\u2014 para que el servidor recuerde cierta informaci\u00f3n que posteriormente y \u00fanicamente el servidor [&hellip;]<\/p>\n","protected":false},"author":1,"featured_media":0,"parent":0,"menu_order":0,"comment_status":"closed","ping_status":"closed","template":"brizy-blank-template.php","meta":{"footnotes":""},"class_list":["post-5577","page","type-page","status-publish","hentry"],"_links":{"self":[{"href":"https:\/\/www.ifble.com\/index.php?rest_route=\/wp\/v2\/pages\/5577","targetHints":{"allow":["GET"]}}],"collection":[{"href":"https:\/\/www.ifble.com\/index.php?rest_route=\/wp\/v2\/pages"}],"about":[{"href":"https:\/\/www.ifble.com\/index.php?rest_route=\/wp\/v2\/types\/page"}],"author":[{"embeddable":true,"href":"https:\/\/www.ifble.com\/index.php?rest_route=\/wp\/v2\/users\/1"}],"replies":[{"embeddable":true,"href":"https:\/\/www.ifble.com\/index.php?rest_route=%2Fwp%2Fv2%2Fcomments&post=5577"}],"version-history":[{"count":17,"href":"https:\/\/www.ifble.com\/index.php?rest_route=\/wp\/v2\/pages\/5577\/revisions"}],"predecessor-version":[{"id":5796,"href":"https:\/\/www.ifble.com\/index.php?rest_route=\/wp\/v2\/pages\/5577\/revisions\/5796"}],"wp:attachment":[{"href":"https:\/\/www.ifble.com\/index.php?rest_route=%2Fwp%2Fv2%2Fmedia&parent=5577"}],"curies":[{"name":"wp","href":"https:\/\/api.w.org\/{rel}","templated":true}]}}